{"id":122,"date":"2026-01-14T12:39:43","date_gmt":"2026-01-14T11:39:43","guid":{"rendered":"https:\/\/v2.velpro.com.pl\/?page_id=122"},"modified":"2026-01-16T12:14:47","modified_gmt":"2026-01-16T11:14:47","slug":"home-deutsch","status":"publish","type":"page","link":"https:\/\/v2.velpro.com.pl\/?page_id=122&lang=de","title":{"rendered":"Home &#8211; Deutsch"},"content":{"rendered":"\n<div class=\"wp-block-cover alignfull is-light hestia-clear-top-padding\"><span aria-hidden=\"true\" class=\"wp-block-cover__background has-white-background-color has-background-dim-100 has-background-dim\"><\/span><div class=\"wp-block-cover__inner-container is-layout-flow wp-block-cover-is-layout-flow\">\n<h2 class=\"wp-block-heading has-text-align-center has-text-color\" style=\"color:#3c4858\">Unser Angebot<\/h2>\n\n\n\n<div style=\"height:40px\" aria-hidden=\"true\" class=\"wp-block-spacer\"><\/div>\n\n\n\n<div class=\"wp-block-columns container is-layout-flex wp-container-core-columns-is-layout-28f84493 wp-block-columns-is-layout-flex\">\n<div class=\"wp-block-column is-layout-flow wp-block-column-is-layout-flow\"><div class=\"wp-block-image\">\n<figure class=\"aligncenter size-large\"><img decoding=\"async\" src=\"https:\/\/v2.velpro.com.pl\/wp-content\/themes\/hestia\/assets\/img\/feat1.png\" alt=\"\" class=\"wp-image-70\"\/><\/figure><\/div>\n\n\n<h5 class=\"wp-block-heading has-text-align-center has-text-color\" style=\"color:#3c4858;font-size:18px\">Maschinen zum Verkauf<\/h5>\n\n\n\n<p class=\"has-text-align-center has-text-color\" style=\"color:#999999;font-size:14px\">Neue und gebrauchte Maschinen im Bereich der automatischen Postbearbeitung, wie z.B.: Kuvertiersysteme, Verpackungsmaschinen, Falzmaschinen, Ab- und Aufwickler \u2013 von kompakten bis hin zu Produktionsl\u00f6sungen, u.a. <br>von Herstellern wie: <br>Bell &amp;Howell, B\u00f6we, Buhrs, CMC, Kern, MB B\u00e4uerle, Neopost, Pitney Bowes. Entdecken Sie unser Angebot!<\/p>\n\n\n\n<div style=\"height:25px\" aria-hidden=\"true\" class=\"wp-block-spacer\"><\/div>\n<\/div>\n\n\n\n<div class=\"wp-block-column is-layout-flow wp-block-column-is-layout-flow\"><div class=\"wp-block-image\">\n<figure class=\"aligncenter size-large\"><img decoding=\"async\" src=\"https:\/\/v2.velpro.com.pl\/wp-content\/themes\/hestia\/assets\/img\/feat2.png\" alt=\"\" class=\"wp-image-71\"\/><\/figure><\/div>\n\n\n<h5 class=\"wp-block-heading has-text-align-center has-text-color\" style=\"color:#3c4858;font-size:18px\">Ersatzteile<\/h5>\n\n\n\n<p class=\"has-text-align-center has-text-color\" style=\"color:#999999;font-size:14px\">Wir bieten vor allem Originalteile und Verbrauchsmaterialien sowie gepr\u00fcfte Ersatzteile an, die eine lange Lebensdauer der Maschinen garantieren.<\/p>\n\n\n\n<div style=\"height:25px\" aria-hidden=\"true\" class=\"wp-block-spacer\"><\/div>\n<\/div>\n\n\n\n<div class=\"wp-block-column is-layout-flow wp-block-column-is-layout-flow\"><div class=\"wp-block-image\">\n<figure class=\"aligncenter size-large\"><img decoding=\"async\" src=\"https:\/\/v2.velpro.com.pl\/wp-content\/themes\/hestia\/assets\/img\/feat3.png\" alt=\"\" class=\"wp-image-72\"\/><\/figure><\/div>\n\n\n<h5 class=\"wp-block-heading has-text-align-center has-text-color\" style=\"color:#3c4858;font-size:18px\">Service<\/h5>\n\n\n\n<p class=\"has-text-align-center has-text-color\" style=\"color:#999999;font-size:14px\">Professioneller Service und technischer Support, ma\u00dfgeschneidert auf die Bed\u00fcrfnisse des Kunden.<\/p>\n\n\n\n<div style=\"height:25px\" aria-hidden=\"true\" class=\"wp-block-spacer\"><\/div>\n<\/div>\n\n\n\n<div class=\"wp-block-column is-layout-flow wp-block-column-is-layout-flow\"><div class=\"wp-block-image\">\n<figure class=\"aligncenter size-large\"><img decoding=\"async\" src=\"https:\/\/v2.velpro.com.pl\/wp-content\/themes\/hestia\/assets\/img\/feat3.png\" alt=\"\" class=\"wp-image-72\"\/><\/figure><\/div>\n\n\n<h5 class=\"wp-block-heading has-text-align-center has-text-color\" style=\"color:#3c4858;font-size:18px\">B\u00fcrodrucker \u2013 neu und gebraucht<\/h5>\n\n\n\n<p class=\"has-text-align-center has-text-color\" style=\"color:#999999;font-size:14px\">Verkauf und Service von B\u00fcrodruckern und Multifunktionsger\u00e4ten der Marken Ricoh und Triumph Adler.<\/p>\n\n\n\n<div style=\"height:25px\" aria-hidden=\"true\" class=\"wp-block-spacer\"><\/div>\n<\/div>\n<\/div>\n\n\n\n<div style=\"height:40px\" aria-hidden=\"true\" class=\"wp-block-spacer\"><\/div>\n<\/div><\/div>\n\n\n\n<div class=\"wp-block-columns container is-layout-flex wp-container-core-columns-is-layout-28f84493 wp-block-columns-is-layout-flex\">\n<div class=\"wp-block-column col-md-5 is-layout-flow wp-block-column-is-layout-flow\">\n<div style=\"height:55px\" aria-hidden=\"true\" class=\"wp-block-spacer\"><\/div>\n\n\n\n<h2 class=\"wp-block-heading\">\u00dcber Velpro<\/h2>\n\n\n\n<p>Die Firma Velpro befasst sich mit der Bereitstellung optimaler L\u00f6sungen im Bereich der automatischen Postbearbeitung.<\/p>\n\n\n\n<p>Wir sind Lieferant von Maschinen und Anlagen f\u00fcr die Serien- und B\u00fcropost sowie von Ersatzteilen und Verbrauchsmaterialien.<\/p>\n\n\n\n<p>Wir unterst\u00fctzen \u00f6ffentliche Einrichtungen, Finanz- und Versicherungsunternehmen sowie eine Reihe von Firmen \u2013 sowohl gro\u00dfe Mailingzentren (Lettershops) als auch kleinere Unternehmen, die Dienstleistungen im Bereich der Serienkorrespondenz erbringen.<\/p>\n\n\n\n<p>Jedes Unternehmen, das mit der Vorbereitung von Postsendungen zu tun hat, steht im Mittelpunkt unseres Interesses.<\/p>\n\n\n\n<p>Unser Angebot richtet sich auch an Unternehmen, die ihr Portfolio um Massenversand erweitern, ihre Korrespondenz professioneller gestalten und das Erscheinungsbild des Umschlags durch den Druck von Adressen, Logos und verschiedenen Werbebotschaften aufwerten m\u00f6chten.<\/p>\n\n\n\n<p>Wir liefern L\u00f6sungen, die Zeit und Geld sparen und Ihre Versandprozesse effizienter machen.<\/p>\n\n\n\n<p>Unser Produktspektrum umfasst u.a.: B\u00fcrodrucker und Multifunktionsger\u00e4te, Falzmaschinen, Kuvertiermaschinen, Folienverpackungssysteme, Frankiermaschinen, Adressiersysteme, Brief\u00f6ffner, Kamerasysteme, Etikettiersysteme, Anleger (Rotations-, Schieb-, Friktionsanleger), Schneidemaschinen, Ab- und Aufwickler sowie verschiedene Module.<br><\/p>\n\n\n\n<p><\/p>\n<\/div>\n<\/div>\n\n\n\n<p><\/p>\n","protected":false},"excerpt":{"rendered":"<p>\u00dcber Velpro Die Firma Velpro befasst sich mit der Bereitstellung optimaler L\u00f6sungen im Bereich der automatischen Postbearbeitung. Wir sind Lieferant von Maschinen und Anlagen f\u00fcr die Serien- und B\u00fcropost sowie von Ersatzteilen und Verbrauchsmaterialien. Wir unterst\u00fctzen \u00f6ffentliche Einrichtungen, Finanz- und Versicherungsunternehmen sowie eine Reihe von Firmen \u2013 sowohl gro\u00dfe Mailingzentren [&hellip;]<\/p>\n","protected":false},"author":1,"featured_media":64,"parent":0,"menu_order":0,"comment_status":"closed","ping_status":"closed","template":"","meta":{"footnotes":""},"class_list":["post-122","page","type-page","status-publish","has-post-thumbnail","hentry"],"_links":{"self":[{"href":"https:\/\/v2.velpro.com.pl\/index.php?rest_route=\/wp\/v2\/pages\/122","targetHints":{"allow":["GET"]}}],"collection":[{"href":"https:\/\/v2.velpro.com.pl\/index.php?rest_route=\/wp\/v2\/pages"}],"about":[{"href":"https:\/\/v2.velpro.com.pl\/index.php?rest_route=\/wp\/v2\/types\/page"}],"author":[{"embeddable":true,"href":"https:\/\/v2.velpro.com.pl\/index.php?rest_route=\/wp\/v2\/users\/1"}],"replies":[{"embeddable":true,"href":"https:\/\/v2.velpro.com.pl\/index.php?rest_route=%2Fwp%2Fv2%2Fcomments&post=122"}],"version-history":[{"count":4,"href":"https:\/\/v2.velpro.com.pl\/index.php?rest_route=\/wp\/v2\/pages\/122\/revisions"}],"predecessor-version":[{"id":151,"href":"https:\/\/v2.velpro.com.pl\/index.php?rest_route=\/wp\/v2\/pages\/122\/revisions\/151"}],"wp:featuredmedia":[{"embeddable":true,"href":"https:\/\/v2.velpro.com.pl\/index.php?rest_route=\/wp\/v2\/media\/64"}],"wp:attachment":[{"href":"https:\/\/v2.velpro.com.pl\/index.php?rest_route=%2Fwp%2Fv2%2Fmedia&parent=122"}],"curies":[{"name":"wp","href":"https:\/\/api.w.org\/{rel}","templated":true}]}}